6
Let l be (-144)/27*3/(-2). Let i = 10 - l. Suppose 2*s - 2*n + 12 = i*n, -11 = s - 3*n. What is the units digit of s?
4
Let f = 8 - 6. Suppose 2*p = 7*p - 2*q - 21, 2*p - 4*q - f = 0. Suppose 17 = 3*m + j, 18 + 7 = p*j. What is the units digit of m?
4
Let k be (-16)/(-24) - 2/3. Let l(d) = 2 + 0 - 3*d + 4*d + k. What is the tens digit of l(9)?
1
Suppose -4*m = -b + 5*b - 28, 0 = -2*b + 2*m + 10. What is the tens digit of 8*b/9*30/8?
2
Let c = 20 + -15. Let g be c/(20/12) - 0. Suppose 3*d - 3*l - 132 = 0, l + 127 = g*d - l. What is the tens digit of d?
3
Let i(t) = t**2 + 14*t - 2. Let x be i(-14). Let u be (x/4)/((-7)/42). Suppose -3 = -u*m - 3*p + 126, 2*p + 66 = 2*m. What is the units digit of m?
8
Suppose 3*g - 5*z + 266 = 0, 1 - 3 = -2*z. Let b = -32 - g. What is the tens digit of b?
5
Let b(x) = -28*x**3 - x**2 - 2*x - 1. Let o be b(-1). Suppose 0*u - 5*r - 35 = -u, u + 2*r - o = 0. What is the units digit of u?
0
Suppose 3*p - p = 4. Suppose 0*m + p*k - 265 = -5*m, 0 = 3*k - 15. What is the units digit of m?
1
Suppose 6*k = -35*k + 6724. What is the tens digit of k?
6
Let d(s) = s**3 - 13*s**2 - 14*s + 4. Let i be d(14). What is the units digit of 1 + 1 + -39*i/(-12)?
5
Suppose -7*k = 4*b - 3*k - 788, -5*b + 991 = -k. Let f(p) = -p**3 + p**2 + p + 3. Let q be f(0). What is the tens digit of (2/6)/(q/b)?
2
Let j(y) = y**2 + 3*y + 4. Let n be j(-2). Suppose -n*f + 169 = 27. What is the tens digit of f?
7
What is the hundreds digit of (-2 + (-188)/(-8))*(-552)/(-12)?
9
Let y = -198 - -102. Let t = -187 - y. Let s = -63 - t. What is the tens digit of s?
2
Suppose 2*v + s = -119, -4*v - 150 - 91 = -s. Let y = -87 - v. Let u = -16 - y. What is the units digit of u?
1
Suppose 5*u = -l - 35, -2*l - u - u - 70 = 0. Suppose 5*n - 3*w = 53 - 10, 3*n - 5*w = 29. Let h = n - l. What is the tens digit of h?
4
Suppose 0 = 8*c + 19 - 3. What is the tens digit of ((-50)/20)/(1/(-14 - c))?
3
Let x(h) = -h**3 - 10*h**2 + 10*h + 1. Let q be x(-11). Let c = 7 + q. Let d = 34 - c. What is the units digit of d?
5
Suppose 0 = 3*c - 7*c + 56. Let t = 19 - c. Suppose t*n - 24 = n. What is the units digit of n?
6
Suppose -37*l + 3*l = -21284. What is the units digit of l?
6
Let v = -3759 + 6391. What is the thousands digit of v?
2
Let n(w) = -w**3 - 4*w**2 + 4*w - 4. Suppose -k - 4*k = 5, -5*i - 2*k = -13. Suppose 2*t = -i*t - 25. What is the units digit of n(t)?
1
What is the hundreds digit of -6 + (6 - 1 - -876)?
8
Let l(c) = c**3 + 14*c**2 + 2*c + 25. Let a be l(-14). Let i(w) = -13*w - 6. What is the units digit of i(a)?
3
Let y = 28 + -16. Suppose 2*j - y = j. What is the tens digit of j?
1
Suppose -37*i = -9979 - 270. What is the hundreds digit of i?
2
Suppose 0 = -5*o + 5*k + 25, 11*o = 15*o + 2*k - 8. Suppose o*d - 153 = -a, 31 = 2*a + 5*d - 278. What is the tens digit of a?
6
Let a(b) = 4 + 1 - 12*b**2 + 22*b**2 - 8*b**2. What is the units digit of a(5)?
5
Suppose 3*d - 9 = 0, -2*m - 3*d - 8 = -7. What is the tens digit of 6/(-27) + (11630/(-18))/m?
2
Let q be -10 + 0 + 0*(-4)/8. What is the tens digit of 1/6*-10*(4 + q)?
1
Let x(o) = 4*o**2 - 7*o + 9. Let u(c) = c**2 - c + 1. Let n(s) = -5*u(s) + x(s). Let f be n(-4). What is the units digit of ((-1)/f)/((-2)/(-56))?
7
Let q = -7 + 3. Suppose -2*c = 3 + 19. Let y = q - c. What is the units digit of y?
7
Suppose 1480 = 8*s + 2*s. Suppose 0 = 6*n - 26 - s. What is the tens digit of n?
2
Suppose -3*g + 719 + 145 = 0. Suppose -5*f + 1360 = 5*b, 2*b + g = 3*b - 3*f. What is the units digit of b?
6
Let h(n) = 6 + n**3 + 9*n**2 + 3*n**2 - n**2 + 2*n - 2*n**3. Let d be h(11). Let p = d + -1. What is the tens digit of p?
2
Suppose 3*a + 0*c - 3270 = -4*c, -3294 = -3*a + 4*c. What is the tens digit of a?
9
Let l(h) = -34*h + 18. Let t be l(-5). Suppose -5*w + t = -w. What is the tens digit of w?
4
Suppose -y + 4*h = 5, 18 = 3*y - 3*h + 2*h. Suppose -3*k + y*k = -n + 26, -2*n + k + 25 = 0. What is the tens digit of n?
1
Suppose 6*y = y. Suppose -4*u - n = -3*u - 28, y = 2*u + 5*n - 50. What is the tens digit of u?
3
Suppose 3*f + 4*a + 16 = -0*a, 0 = -5*a - 5. What is the units digit of 362/7 - f/14?
2
Suppose 3*g + 20 = 2*g. Let r = g + 45. What is the tens digit of r?
2
Suppose t + 5*d = 3*d + 311, 943 = 3*t + 4*d. What is the tens digit of t?
2
Suppose 7*p = 3*p + 8. Suppose 12 = 7*y - 3*y - z, -p*y - z = 0. Suppose -5*i = -y*g + 129, -4*i = -8*i - 4. What is the units digit of g?
2
Suppose 40*v - 19650 = -10*v. What is the tens digit of v?
9
Let c(y) = y**3 + 13*y**2 - 3*y + 17. Let t be c(-13). Suppose -2*r = -3*w - 9 + t, -2*w + 6 = 0. Let m = 28 + r. What is the units digit of m?
9
Let h(z) = -z**3 - 12*z**2 + 74*z + 2. What is the units digit of h(-18)?
4
Suppose h - r = 9, 3*h + 3*r - 19 = 38. Let x(p) = 2*p**3 + 74 - 15*p**2 - 58 + 13*p - p**3. What is the units digit of x(h)?
2
Let y(r) = -23*r + 41. Let a(f) = -12*f + 21. Let v(b) = 7*a(b) - 4*y(b). What is the tens digit of v(6)?
3
Suppose -3*z + 740 = -3*t - 679, -2*z + 948 = -3*t. What is the tens digit of z?
7
Let o(u) = 27*u**2 + 19*u + 4. What is the tens digit of o(4)?
1
Let x be -1 + -2 + (-17 - 50). Let j = x + 235. What is the tens digit of j?
6
Let g(k) = -12*k - 2. Suppose -2*a = -7*a + 55. Suppose -3*m - 4*r + 6*r - a = 0, -9 = -3*m - 3*r. What is the tens digit of g(m)?
1
Suppose -2*f - 4*o + 5 - 13 = 0, o - 4 = -2*f. Let k be (-16)/(-88) - f/22. Let r(b) = -b**3 + b**2 + b + 42. What is the units digit of r(k)?
2
What is the thousands digit of -3 + 1557 - (21 + -19)?
1
Let t = -2 + 17. Let s be 1068/30 + 6/t. Let k = s - 33. What is the units digit of k?
3
Let z(r) = r. Let t(u) = -3*u - 3. Let p(y) = t(y) - 18*z(y). What is the units digit of p(-3)?
0
Let z = -412 + 901. What is the units digit of z?
9
Let o be 10/(-4)*(-338)/65. Let s(m) = m**3 - 13*m**2 + 3*m - 18. What is the tens digit of s(o)?
2
Suppose 4861 = 24*k - 12131. What is the units digit of k?
8
Let l(g) be the first derivative of g**3/3 - g**2 + 2. Suppose 0 = -7*x + 4*x - 12. What is the tens digit of l(x)?
2
Let x = 22 - -34. What is the tens digit of x?
5
Suppose -2*h + 9 = j, 4 = -4*h - 4. Suppose -j*t = -9*t. Suppose t = 2*i - 3*z - 26, 3*i - z + 0*z = 53. What is the units digit of i?
9
Let i = -5493 - -10199. What is the hundreds digit of i?
7
Let p = 17 - 14. Suppose 2 = w + j + p, 0 = 5*w - j - 19. Let l(x) = 7*x + 7. What is the units digit of l(w)?
8
Let h(v) = 44*v + 3659. What is the tens digit of h(0)?
5
Let n be (946/(-55))/((-1)/15). Let z be 3/4 - n/(-8). Suppose -x - z = -4*x. What is the tens digit of x?
1
Let d be ((-2)/2)/(-4 - -3). Suppose 5*q = -3*o + 4, -3*o + 4*q = -4*o - d. What is the tens digit of (-6 + 21)*4/o?
2
What is the hundreds digit of (73563/18)/7 - 6/(-36)?
5
Let j = 1019 + 843. What is the thousands digit of j?
1
Suppose 19186 = 27*c + 1528. What is the tens digit of c?
5
Let q(p) = -p**2 - 12*p - 5. Let x be q(-11). Suppose 46 = 3*w - t, 3*w = 2*t - x*t + 56. What is the tens digit of w?
1
Suppose 4*i = l - 9, -l - 9 = -3*l - i. Suppose 0 = l*v - 4*r - 454, -4*v = r + 3*r - 356. What is the tens digit of v?
9
What is the thousands digit of (-6)/66 - (-65916)/44?
1
Suppose -32*i = -43*i + 2057. What is the units digit of i?
7
Suppose 5*p - 5*r + 810 = 0, 4*p + 9*r + 675 = 4*r. Let t = -38 - p. What is the units digit of t?
7
Let s be (0 - -163)*(-1 - -2). Suppose 5*c - s = 2*z, -4*c = -2*c + 4*z - 46. What is the units digit of c?
1
Suppose 3*r - 18 = -0. Suppose -3*q + 4 = 3*z - 2, 4*q = 3*z - r. Suppose 0*b - 2*f = b + z, 0 = -b + f + 10. What is the units digit of b?
6
Let c = 212 + -183. What is the tens digit of c?
2
Let w(x) be the second derivative of x**5/60 - x**4/4 + 5*x**3/6 - 2*x. Let t(d) be the second derivative of w(d). What is the units digit of t(9)?
2
Let m(x) = x**3 + 5*x**2 + 2*x - 3. Let v be m(-4). Let k(j) = j**3 - 4*j - 4 - 2 - 2*j**3 + 7*j**2. What is the tens digit of k(v)?
2
Let m = 1693 + -478. What is the tens digit of m?
1
Suppose 9927 = 19*v - 3734. What is the hundreds digit of v?
7
Suppose -3*y - 6 = -2*f - f, -f = -3*y + 4. Suppose -24 = l - 0*q + y*q, -3*l = 2*q + 72. What is the tens digit of (l/20)/(12/(-160))?
1
Suppose -n = -6*n - 25, -1325 = -5*a - 5*n. Let m = -170 + a. Suppose -2*f + 0